2 + 253*x - 779. Determine v(13).
-25
Let b(c) = -58535*c + 995092. Calculate b(17).
-3
Let n(z) = -z**3 + 4*z**2 + 156*z - 1876. Determine n(13).
-1369
Let z(m) = -55*m + 12637. Calculate z(230).
-13
Let l(a) = -21*a**2 + 179*a + 294. What is l(10)?
-16
Let g(s) = -121*s**2 - 758*s - 1519. Determine g(-2).
-487
Let v(x) = -x**3 - 31*x**2 - 37*x + 227. Determine v(-30).
437
Let f(g) = -545*g - 5360. Determine f(-9).
-455
Let k(s) = -4*s**2 + 3030*s + 97806. What is k(-31)?
32
Let b(y) = 572*y**2 + 36607*y + 95. Calculate b(-64).
159
Let k(d) = -42*d**2 - 141*d + 541. Calculate k(4).
-695
Let t(g) = 3*g**2 + 284*g + 1240. Calculate t(-78).
-2660
Let s(r) = 1994*r - 115348. Calculate s(58).
304
Let w(c) = c**3 - 122*c**2 - 1617*c - 111. Calculate w(-12).
-3
Let t(h) = -4*h**3 - 1579*h**2 + 1984*h + 1575. Determine t(-396).
-9
Let x(g) = 186*g - 22969. Give x(112).
-2137
Let b(w) = -w**3 - 27*w**2 - 2880*w - 51356. Give b(-18).
-2432
Let h(c) = -c**2 + 96991*c - 1648543. Calculate h(17).
15
Let x(a) = a**3 + 132*a**2 - 8*a - 1063. Determine x(-132).
-7
Let a(d) = 2*d**2 - 762*d - 84783. Calculate a(-90).
-3
Let c(s) = -2*s**3 - 303*s**2 + 1057*s - 4343. What is c(-155)?
-3
Let s(z) = 37451*z - 298653. What is s(8)?
955
Let b(t) = -11*t**3 - 308*t**2 + 923*t + 9. What is b(3)?
-291
Let y(i) = 157*i**3 + 13342*i**2 - 269*i - 1186. Determine y(-85).
4
Let o(h) = 2*h**3 - 8*h**2 + 429*h - 1255. What is o(3)?
14
Let k(r) = -7*r**2 - 651*r - 2890. Calculate k(-5).
190
Let t(d) = -d**3 - 37*d**2 - 3477*d - 106164. Determine t(-32).
-20
Let l(k) = -k**2 - 75*k + 4881. Give l(42).
-33
Let k(h) = 4*h**3 + 2*h**2 + 604*h + 1214. Give k(-2).
-18
Let v(b) = b**2 - 228*b - 12902. Determine v(-46).
-298
Let b(t) = 2410*t - 31893. What is b(12)?
-2973
Let w(a) = -a**3 - 10*a**2 + 58*a + 6. What is w(9)?
-1011
Let m(g) = 14*g**2 - 414*g + 2516. Calculate m(7).
304
Let h(s) = 2*s**2 - 554*s - 8153. Determine h(-14).
-5
Let a(s) = -639549*s - 8314064. Determine a(-13).
73
Let y(x) = -1077*x - 2596. Give y(-2).
-442
Let m(x) = -352*x + 1112. What is m(3)?
56
Let g(a) = 703395*a - 4923768. Calculate g(7).
-3
Let y(g) = 3*g**2 + 143*g - 180085. What is y(-270)?
5
Let o(c) = c**2 + 47304*c - 141924. Determine o(3).
-3
Let i(h) = -2*h**2 + 97*h - 595. Determine i(4).
-239
Let k(h) = 23*h**3 + 11*h**2 - 36*h + 24. What is k(2)?
180
Let s(q) = -3484*q - 10462. Give s(-3).
-10
Let g(h) = 18*h**2 - 20623*h - 88562. Determine g(1150).
-12
Let q(p) = 3*p**3 + 27*p**2 - 3*p - 67. Give q(-7).
248
Let v(p) = -3*p**2 + 3514*p - 403435. Determine v(129).
-52
Let q(m) = 1568*m + 65919. Determine q(-42).
63
Let r(l) = l**2 - 55*l - 3029. What is r(81)?
-923
Let o(a) = 41*a**2 - 1935*a - 5869. Determine o(50).
-119
Let d(a) = 204*a + 23064. What is d(-113)?
12
Let m(t) = 3*t**3 - 223*t**2 - 1093*t - 1020. Calculate m(79).
7
Let j(d) = 20*d**2 + 738*d + 678. What is j(-39)?
2316
Let n(p) = p**3 + 85*p**2 + 927*p + 6. Calculate n(-72).
654
Let x(p) = 4*p**2 + 306*p + 1020. Calculate x(-49).
-4370
Let q(w) = -4*w**2 + 1260*w - 6241. Calculate q(310).
-41
Let d(b) = 1818*b + 316396. What is d(-174)?
64
Let s(m) = 16155*m + 840052. Calculate s(-52).
-8
Let c(k) = 1736*k - 395813. Determine c(228).
-5
Let n(l) = -34*l**2 + 55*l - 15. Determine n(1).
6
Let l(g) = 6*g**3 + 28*g**2 - 30*g + 116. Determine l(-6).
8
Let h(y) = -18967*y + 663710. What is h(35)?
-135
Let a(s) = -72*s**2 + 1352*s + 58. What is a(19)?
-246
Let i(k) = -12*k**2 - 15378*k - 46122. Calculate i(-3).
-96
Let x(t) = 6*t**2 + 376*t + 1091. Determine x(-3).
17
Let h(a) = 7*a**2 - 1021*a + 36719. Calculate h(65).
-71
Let u(h) = -h**2 + 34051*h + 170286. Give u(-5).
6
Let z(g) = -g**2 - 385*g - 20001. What is z(-62)?
25
Let r(f) = -901250*f + 11716270. What is r(13)?
20
Let l(k) = -k**3 + 18*k**2 - 29*k - 23. Determine l(16).
25
Let q(d) = -834*d + 596. Give q(1).
-238
Let p(t) = -6*t**3 + 97*t**2 - 378*t + 5790. Calculate p(16).
-2
Let p(f) = 7*f**3 - 2222*f**2 + 967*f - 4757. What is p(317)?
315
Let a(j) = -39818*j**2 - 7*j - 6. Determine a(0).
-6
Let d(k) = 306*k**2 + 6039*k - 1603. What is d(-20)?
17
Let t(f) = 1025334*f - 12303990. What is t(12)?
18
Let k(h) = -h**2 - 314*h + 33898. Give k(85).
-17
Let r(k) = 8*k**2 - 119*k - 2828. Give r(27).
-209
Let d(v) = v**3 + 109*v**2 + 447*v - 27202. Give d(-102).
32
Let c(v) = 3758*v - 402105. Determine c(107).
1
Let r(v) = 4*v**2 - 260*v - 535. Give r(-2).
1
Let s(f) = 7751*f + 150. What is s(0)?
150
Let x(b) = -3*b**3 - 19*b**2 - 6*b - 32. Give x(-5).
-102
Let w(z) = -z**2 + 656*z - 44858. What is w(79)?
725
Let h(q) = 10*q**2 + 259*q - 603. Calculate h(-28).
-15
Let w(x) = 178*x + 15574. Give w(-86).
266
Let u(y) = 6857*y + 336016. Calculate u(-49).
23
Let o(p) = -740*p**2 - 22939*p + 13. What is o(-31)?
-18
Let b(n) = -n**3 + 139*n**2 + 1324*n + 998. Give b(148).
-186
Let u(y) = -y**2 + 4527*y - 1240564. What is u(293)?
-2
Let x(u) = 66*u**2 - 3952*u - 3952. Determine x(-1).
66
Let x(p) = -13*p**2 - 127*p - 397. What is x(-11)?
-573
Let t(n) = -n**3 + 18*n**2 + 2124*n - 28463. Calculate t(13).
-6
Let i(n) = -3*n**2 + 8163*n + 500552. Determine i(-60).
-28
Let l(y) = -57*y + 2124. What is l(48)?
-612
Let b(q) = q**2 + 2045*q + 229167. Give b(-119).
-27
Let z(l) = l**3 + 89*l**2 + 257*l - 24. Determine z(-86).
62
Let o(v) = 81675*v - 32098259. Determine o(393).
16
Let b(z) = -2*z**3 - 34*z**2 - 128*z - 114. Determine b(-12).
-18
Let j(y) = -8*y**2 - 169*y - 667. What is j(-9)?
206
Let z(h) = 1366*h - 35667. Determine z(26).
-151
Let g(x) = -x**2 + 2416*x - 88091. Determine g(37).
-68
Let y(a) = 274*a - 7895. What is y(29)?
51
Let y(t) = 2*t**2 + 448*t - 28982. Determine y(53).
380
Let g(x) = -2*x**3 - 1303*x**2 - 344*x + 199841. Determine g(-651).
-16
Let j(r) = -2089*r - 45985. What is j(-22)?
-27
Let l(y) = -17562*y - 140484. Give l(-8).
12
Let q(h) = -2342*h + 21078. Calculate q(9).
0
Let z(i) = 3*i + 112. Give z(2).
118
Let j(n) = n**3 + 18*n**2 - 21*n - 655. Calculate j(-17).
-9
Let a(c) = -28811*c - 720289. Calculate a(-25).
-14
Let j(o) = -94*o**2 + 867*o - 321. Calculate j(9).
-132
Let q(m) = -m**2 - 379*m - 22520. What is q(-73)?
-182
Let q(u) = 14*u + 1360. Calculate q(-21).
1066
Let q(c) = c**2 + 559*c - 72938. Calculate q(109).
-126
Let f(c) = -6949*c - 97368. Give f(-14).
-82
Let j(o) = -6177*o + 1167505. What is j(189)?
52
Let m(s) = 62*s**3 + 253*s**2 - 584*s - 2406. Give m(-4).
10
Let y(x) = 722*x + 293133. Calculate y(-406).
1
Let n(a) = 2*a**3 - 132*a**2 + 1810*a + 609. Give n(20).
9
Let s(h) = -27*h**2 + 3738*h + 2484. Determine s(139).
399
Let l(a) = -171*a**2 - 3591*a - 10. What is l(-21)?
-10
Let a(s) = s**3 - 12*s**2 - 369*s + 2821. Determine a(7).
-7
Let g(s) = 30*s**2 + 1788*s - 677. Give g(-60).
43
Let p(u) = -5256*u - 431024. What is p(-82)?
-32
Let j(t) = 1764*t + 27429. Determine j(-15).
969
Let h(r) = -r**3 - 8*r**2 + 38222*r + 267599. What is h(-7)?
-4
Let h(w) = 28*w**2 - 3518*w + 10547. Give h(3).
245
Let x(u) = 2401*u + 36035. What is x(-15)?
20
Let u(v) = 2215*v**2 - 48732*v + 77. Calculate u(22).
33
Let m(x) = x**3 - 288*x**2 + 281*x + 1605. Determine m(287).
-117
Let w(i) = -1849*i - 538059. Calculate w(-291).
0
Let c(y) = -24*y**3 - 301*y**2 + 98*y - 62. Give c(-13).
523
Let v(o) = 6718*o - 651640. What is v(97)?
6
Let n(k) = 23*k**3 + 2210*k**2 + 305*k + 10853. What is n(-96)?
5
Let o(s) = -17174*s - 34038. Determine o(-2).
310
Let h(g) = -g**3 + 36*g**2 - 78*g - 1589. Give h(32).
11
Let c(m) = 2*m**2 - 161*m - 75982. Determine c(-159).
179
Let w(i) = -3*i**3 + 126*i**2 + 3195*i + 2695. What is w(60)?
-5
Let k(f) = -140*f - 34775. What is k(-254)?
785
Let t(a) = -3*a**2 + 187*a - 2734. Give t(40).
-54
Let a(t) = t**3 + 76*t**2 - 756*t - 4. Give a(9).
77
Let v(k) = 13*k**2 + 603*k - 5661. Determine v(8).
-5
Let h(r) = 743*r + 41549. What is h(-57)?
-802
Let j(i) = 7*i**3 - 2690*i**2 + 782*i - 5306. Determine j(384).
70
Let a(f) = -2*f**3 - 20*f**2 - 64*f - 648. Calculate a(-10).
-8
Let w(v) = -25*v**2 + 189*v - 390. Calculate w(5).
-70
Let j(g) = g**2 - 8*g - 2321. Determine j(51).
-128
Let j(g) = 3*g**2 + 69*g - 162. What is j(2)?
-12
Let b(c) = -c**3 + 146*c**2 + 3443*c - 244377. What is b(158)?
49
Let v(k) = 264*k**2 + 65*k + 3. Ca